{"id":284,"date":"2025-06-03T04:45:19","date_gmt":"2025-06-03T04:45:19","guid":{"rendered":"https:\/\/sistemx.com.tr\/?page_id=284"},"modified":"2025-07-03T07:44:13","modified_gmt":"2025-07-03T07:44:13","slug":"ag-cozumleri","status":"publish","type":"page","link":"https:\/\/sistemx.com.tr\/?page_id=284","title":{"rendered":"A\u011f \u00c7\u00f6z\u00fcmleri"},"content":{"rendered":"<div data-colibri-id=\"284-c415\" class=\"style-867 style-local-284-c415 position-relative\">\n  <!---->\n  <div data-colibri-component=\"section\" data-colibri-id=\"284-c416\" id=\"custom\" class=\"h-section h-section-global-spacing d-flex align-items-lg-center align-items-md-center align-items-center style-868 style-local-284-c416 position-relative\">\n    <!---->\n    <!---->\n    <div class=\"h-section-grid-container h-section-boxed-container\">\n      <!---->\n      <div data-colibri-id=\"284-c420\" class=\"h-row-container gutters-row-lg-2 gutters-row-md-2 gutters-row-0 gutters-row-v-lg-2 gutters-row-v-md-2 gutters-row-v-2 style-1247 style-local-284-c420 position-relative\">\n        <!---->\n        <div class=\"h-row justify-content-lg-center justify-content-md-center justify-content-center align-items-lg-stretch align-items-md-stretch align-items-stretch gutters-col-lg-2 gutters-col-md-2 gutters-col-0 gutters-col-v-lg-2 gutters-col-v-md-2 gutters-col-v-2\">\n          <!---->\n          <div class=\"h-column h-column-container d-flex h-col-lg-auto h-col-md-auto h-col-auto style-1248-outer style-local-284-c421-outer\">\n            <div data-colibri-id=\"284-c421\" class=\"d-flex h-flex-basis h-column__inner h-px-lg-2 h-px-md-2 h-px-2 v-inner-lg-2 v-inner-md-2 v-inner-2 style-1248 style-local-284-c421 position-relative\">\n              <!---->\n              <!---->\n              <div class=\"w-100 h-y-container h-column__content h-column__v-align flex-basis-100 align-self-lg-start align-self-md-start align-self-start\">\n                <!---->\n                <div data-colibri-id=\"284-c422\" class=\"h-global-transition-all h-heading style-1249 style-local-284-c422 position-relative h-element\">\n                  <!---->\n                  <div class=\"h-heading__outer style-1249 style-local-284-c422\">\n                    <!---->\n                    <!---->\n                    <h2 class=\"\">A\u011f \u00c7\u00f6z\u00fcmlerimiz<\/h2>\n                  <\/div>\n                <\/div>\n              <\/div>\n            <\/div>\n          <\/div>\n        <\/div>\n      <\/div>\n      <div data-colibri-id=\"284-c423\" class=\"h-row-container gutters-row-lg-2 gutters-row-md-2 gutters-row-0 gutters-row-v-lg-2 gutters-row-v-md-2 gutters-row-v-2 style-1250 style-local-284-c423 position-relative\">\n        <!---->\n        <div class=\"h-row justify-content-lg-center justify-content-md-center justify-content-center align-items-lg-stretch align-items-md-stretch align-items-stretch gutters-col-lg-2 gutters-col-md-2 gutters-col-0 gutters-col-v-lg-2 gutters-col-v-md-2 gutters-col-v-2\">\n          <!---->\n          <div class=\"h-column h-column-container d-flex h-col-lg-auto h-col-md-auto h-col-auto style-1251-outer style-local-284-c424-outer\">\n            <div data-colibri-id=\"284-c424\" class=\"d-flex h-flex-basis h-column__inner h-px-lg-2 h-px-md-2 h-px-2 v-inner-lg-2 v-inner-md-2 v-inner-2 style-1251 style-local-284-c424 position-relative\">\n              <!---->\n              <!---->\n              <div class=\"w-100 h-y-container h-column__content h-column__v-align flex-basis-100 align-self-lg-start align-self-md-start align-self-start\">\n                <!---->\n                <div data-colibri-id=\"284-c425\" class=\"h-text h-text-component style-1252 style-local-284-c425 position-relative h-element\">\n                  <!---->\n                  <!---->\n                  <div class=\"\">\n                    <p><strong>Kurumsal A\u011flar\u0131n\u0131zda G\u00fcvenilirlik ve Performans<\/strong><\/p>\n                    <p>SistemX, kurumsal a\u011f altyap\u0131n\u0131z\u0131 kesintisiz, g\u00fcvenli ve y\u00fcksek performansl\u0131 hale getirmek i\u00e7in lider \u00fcreticilerin kablolu ve kablosuz a\u011f \u00fcr\u00fcnlerini entegre ediyor. \u0130ster k\u00fc\u00e7\u00fck bir ofis, ister b\u00fcy\u00fck \u00f6l\u00e7ekli kamp\u00fcs altyap\u0131s\u0131 olsun, ihtiya\u00e7lar\u0131n\u0131za\n                      en uygun \u00e7\u00f6z\u00fcmleri sunuyoruz.<\/p>\n                  <\/div>\n                <\/div>\n              <\/div>\n            <\/div>\n          <\/div>\n        <\/div>\n      <\/div>\n      <div data-colibri-id=\"284-c417\" class=\"h-row-container gutters-row-lg-2 gutters-row-md-2 gutters-row-0 gutters-row-v-lg-2 gutters-row-v-md-2 gutters-row-v-2 style-871 style-local-284-c417 position-relative\">\n        <!---->\n        <div class=\"h-row justify-content-lg-center justify-content-md-center justify-content-center align-items-lg-stretch align-items-md-stretch align-items-stretch gutters-col-lg-2 gutters-col-md-2 gutters-col-0 gutters-col-v-lg-2 gutters-col-v-md-2 gutters-col-v-2\">\n          <!---->\n          <div class=\"h-column h-column-container d-flex h-col-lg-auto h-col-md-auto h-col-auto style-872-outer style-local-284-c418-outer\">\n            <div data-colibri-id=\"284-c418\" class=\"d-flex h-flex-basis h-column__inner h-px-lg-2 h-px-md-2 h-px-2 v-inner-lg-2 v-inner-md-2 v-inner-2 style-872 style-local-284-c418 position-relative\">\n              <!---->\n              <!---->\n              <div class=\"w-100 h-y-container h-column__content h-column__v-align flex-basis-100 align-self-lg-start align-self-md-start align-self-start\">\n                <!---->\n                <div data-colibri-id=\"284-c426\" class=\"h-global-transition-all h-heading style-1253 style-local-284-c426 position-relative h-element\">\n                  <!---->\n                  <div class=\"h-heading__outer style-1253 style-local-284-c426\">\n                    <!---->\n                    <!---->\n                    <h2 class=\"\"> \u00dcr\u00fcn Portf\u00f6y\u00fcm\u00fcz ve \u00c7\u00f6z\u00fcmlerimiz<\/h2>\n                  <\/div>\n                <\/div>\n                <div data-colibri-id=\"284-c427\" class=\"h-text h-text-component style-1254 style-local-284-c427 position-relative h-element\">\n                  <!---->\n                  <!---->\n                  <div class=\"\">\n                    <p><strong>Huawei A\u011f \u00c7\u00f6z\u00fcmleri<\/strong>\n                      <br> Y\u00fcksek performansl\u0131 anahtarlar, routerlar ve kablosuz eri\u015fim noktalar\u0131 ile \u00f6l\u00e7eklenebilir ve g\u00fcvenli a\u011f altyap\u0131lar\u0131 kurun. Huawei\u2019nin yenilik\u00e7i teknolojileri sayesinde y\u00fcksek veri h\u0131zlar\u0131 ve d\u00fc\u015f\u00fck gecikme s\u00fcreleri elde edin.<\/p>\n                    <p><strong>Aruba Kablosuz ve Kablolu A\u011f Teknolojileri<\/strong>\n                      <br> Aruba\u2019n\u0131n kapsaml\u0131 kablosuz eri\u015fim noktalar\u0131, g\u00fcvenlik \u00f6zellikleri ve y\u00f6netim \u00e7\u00f6z\u00fcmleriyle ofisinizde kesintisiz Wi-Fi deneyimi ya\u015fay\u0131n. Aruba ClearPass ve Aruba Central gibi y\u00f6netim ara\u00e7lar\u0131yla a\u011f g\u00fcvenli\u011finizi ve g\u00f6r\u00fcn\u00fcrl\u00fc\u011f\u00fcn\u00fcz\u00fc\n                      art\u0131r\u0131n.<\/p>\n                    <p><strong>Dell Networking \u00dcr\u00fcnleri<\/strong>\n                      <br> Dell\u2019in sa\u011flam ve \u00f6l\u00e7eklenebilir anahtarlar\u0131, veri merkezinden kamp\u00fcs a\u011flar\u0131na kadar geni\u015f bir yelpazede g\u00fcvenilir ba\u011flant\u0131 sa\u011flar. Entegre a\u011f y\u00f6netimi ile performans\u0131 optimize edin ve altyap\u0131n\u0131z\u0131 gelece\u011fe haz\u0131rlay\u0131n.<\/p>\n                    <p><strong>Netgear Profesyonel A\u011f Donan\u0131mlar\u0131<\/strong>\n                      <br> Orta \u00f6l\u00e7ekli i\u015fletmeler i\u00e7in ideal, kullan\u0131m\u0131 kolay ve y\u00fcksek performansl\u0131 kablolu ve kablosuz \u00fcr\u00fcnler. Netgear\u2019\u0131n PoE destekli anahtarlar\u0131 ve g\u00fc\u00e7l\u00fc eri\u015fim noktalar\u0131, esnek ve ekonomik \u00e7\u00f6z\u00fcmler sunar.<\/p>\n                  <\/div>\n                <\/div>\n                <div data-colibri-id=\"284-c428\" class=\"h-global-transition-all h-heading style-1255 style-local-284-c428 position-relative h-element\">\n                  <!---->\n                  <div class=\"h-heading__outer style-1255 style-local-284-c428\">\n                    <!---->\n                    <!---->\n                    <h2 class=\"\">SistemX Ayr\u0131cal\u0131klar\u0131<\/h2>\n                  <\/div>\n                <\/div>\n                <div data-colibri-id=\"284-c429\" class=\"h-text h-text-component style-1256 style-local-284-c429 position-relative h-element\">\n                  <!---->\n                  <!---->\n                  <div class=\"\">\n                    <p><strong>\u00dcretici Ba\u011f\u0131ms\u0131z Dan\u0131\u015fmanl\u0131k:<\/strong>\n                      <br> \u0130htiyac\u0131n\u0131za uygun, en verimli ve maliyet etkin \u00fcr\u00fcnleri se\u00e7iyoruz.<\/p>\n                    <p><strong>Uygun Altyap\u0131 Tasar\u0131m\u0131:<\/strong>\n                      <br> \u0130\u015f y\u00fck\u00fcn\u00fcze g\u00f6re optimize edilmi\u015f, performans ve g\u00fcvenlik odakl\u0131 a\u011f mimarileri olu\u015fturuyoruz.<\/p>\n                    <p><strong>Merkezi Y\u00f6netim ve \u0130zleme:<\/strong>\n                      <br> A\u011f altyap\u0131n\u0131z\u0131n kesintisiz takibi i\u00e7in geli\u015fmi\u015f izleme ve y\u00f6netim sistemleri.<\/p>\n                    <p><strong>Kesintisiz Destek ve Bak\u0131m:<\/strong>\n                      <br> Kurulum sonras\u0131 7\/24 destek ve periyodik bak\u0131m hizmetleri.<\/p>\n                  <\/div>\n                <\/div>\n              <\/div>\n            <\/div>\n          <\/div>\n        <\/div>\n      <\/div>\n      <div data-colibri-id=\"284-c430\" class=\"h-row-container gutters-row-lg-2 gutters-row-md-2 gutters-row-0 gutters-row-v-lg-2 gutters-row-v-md-2 gutters-row-v-2 style-1257 style-local-284-c430 position-relative\">\n        <!---->\n        <div class=\"h-row justify-content-lg-center justify-content-md-center justify-content-center align-items-lg-stretch align-items-md-stretch align-items-stretch gutters-col-lg-2 gutters-col-md-2 gutters-col-0 gutters-col-v-lg-2 gutters-col-v-md-2 gutters-col-v-2\">\n          <!---->\n          <div class=\"h-column h-column-container d-flex h-col-lg-auto h-col-md-auto h-col-auto style-1258-outer style-local-284-c431-outer\">\n            <div data-colibri-id=\"284-c431\" class=\"d-flex h-flex-basis h-column__inner h-px-lg-2 h-px-md-2 h-px-2 v-inner-lg-2 v-inner-md-2 v-inner-2 style-1258 style-local-284-c431 position-relative\">\n              <!---->\n              <!---->\n              <div class=\"w-100 h-y-container h-column__content h-column__v-align flex-basis-100 align-self-lg-start align-self-md-start align-self-start\">\n                <!---->\n                <div data-colibri-id=\"284-c433\" class=\"h-text h-text-component style-1260 style-local-284-c433 position-relative h-element\">\n                  <!---->\n                  <!---->\n                  <div class=\"\">\n                    <p>SistemX ile a\u011f altyap\u0131n\u0131z\u0131 gelece\u011fe ta\u015f\u0131y\u0131n, i\u015fletmenizin kesintisiz ileti\u015fim ve h\u0131zl\u0131 veri transferinin tad\u0131n\u0131 \u00e7\u0131kar\u0131n.\n                      <br> \ud83d\udcde Bizimle ileti\u015fime ge\u00e7in, ihtiya\u00e7lar\u0131n\u0131za \u00f6zel a\u011f \u00e7\u00f6z\u00fcmleri geli\u015ftirelim. satis@sistemx.com.tr<\/p>\n                  <\/div>\n                <\/div>\n              <\/div>\n            <\/div>\n          <\/div>\n        <\/div>\n      <\/div>\n    <\/div>\n  <\/div>\n<\/div>","protected":false},"excerpt":{"rendered":"<p>A\u011f \u00c7\u00f6z\u00fcmlerimiz Kurumsal A\u011flar\u0131n\u0131zda G\u00fcvenilirlik ve Performans SistemX, kurumsal a\u011f altyap\u0131n\u0131z\u0131 kesintisiz, g\u00fcvenli ve y\u00fcksek performansl\u0131 hale getirmek i\u00e7in lider \u00fcreticilerin kablolu ve kablosuz a\u011f \u00fcr\u00fcnlerini entegre ediyor. \u0130ster k\u00fc\u00e7\u00fck bir ofis, ister b\u00fcy\u00fck \u00f6l\u00e7ekli kamp\u00fcs altyap\u0131s\u0131 olsun, ihtiya\u00e7lar\u0131n\u0131za en uygun \u00e7\u00f6z\u00fcmleri sunuyoruz. \u00dcr\u00fcn Portf\u00f6y\u00fcm\u00fcz ve \u00c7\u00f6z\u00fcmlerimiz Huawei A\u011f \u00c7\u00f6z\u00fcmleri Y\u00fcksek performansl\u0131 anahtarlar, routerlar ve [&hellip;]<\/p>\n","protected":false},"author":1,"featured_media":0,"parent":0,"menu_order":0,"comment_status":"closed","ping_status":"closed","template":"page-templates\/full-width-page.php","meta":{"saved_in_kubio":false,"footnotes":""},"class_list":["post-284","page","type-page","status-publish","hentry"],"kubio_ai_page_context":{"short_desc":"","purpose":"general"},"_links":{"self":[{"href":"https:\/\/sistemx.com.tr\/index.php?rest_route=\/wp\/v2\/pages\/284","targetHints":{"allow":["GET"]}}],"collection":[{"href":"https:\/\/sistemx.com.tr\/index.php?rest_route=\/wp\/v2\/pages"}],"about":[{"href":"https:\/\/sistemx.com.tr\/index.php?rest_route=\/wp\/v2\/types\/page"}],"author":[{"embeddable":true,"href":"https:\/\/sistemx.com.tr\/index.php?rest_route=\/wp\/v2\/users\/1"}],"replies":[{"embeddable":true,"href":"https:\/\/sistemx.com.tr\/index.php?rest_route=%2Fwp%2Fv2%2Fcomments&post=284"}],"version-history":[{"count":7,"href":"https:\/\/sistemx.com.tr\/index.php?rest_route=\/wp\/v2\/pages\/284\/revisions"}],"predecessor-version":[{"id":2550,"href":"https:\/\/sistemx.com.tr\/index.php?rest_route=\/wp\/v2\/pages\/284\/revisions\/2550"}],"wp:attachment":[{"href":"https:\/\/sistemx.com.tr\/index.php?rest_route=%2Fwp%2Fv2%2Fmedia&parent=284"}],"curies":[{"name":"wp","href":"https:\/\/api.w.org\/{rel}","templated":true}]}}